{"id":1905,"date":"2014-05-20T11:44:45","date_gmt":"2014-05-20T09:44:45","guid":{"rendered":"http:\/\/lo1konskie.pl\/?page_id=1905"},"modified":"2014-05-20T11:44:45","modified_gmt":"2014-05-20T09:44:45","slug":"mistrzostwa-wojewodztwa-w-pilce-recznej","status":"publish","type":"page","link":"http:\/\/lo1konskie.pl\/?page_id=1905","title":{"rendered":"Mistrzostwa Wojew\u00f3dztwa w Pi\u0142ce R\u0119cznej"},"content":{"rendered":"<p><a href=\"http:\/\/lo1konskie.pl\/wp-content\/uploads\/2014\/05\/DSC_0137.jpg\" rel=\"lightbox[1905]\"><img loading=\"lazy\" decoding=\"async\" src=\"http:\/\/lo1konskie.pl\/wp-content\/uploads\/2014\/05\/DSC_0137-150x150.jpg\" alt=\"DSC_0137\" width=\"150\" height=\"150\" class=\"aligncenter size-thumbnail wp-image-1906\" \/><\/a><a href=\"http:\/\/lo1konskie.pl\/wp-content\/uploads\/2014\/05\/DSC_0139.jpg\" rel=\"lightbox[1905]\"><img loading=\"lazy\" decoding=\"async\" src=\"http:\/\/lo1konskie.pl\/wp-content\/uploads\/2014\/05\/DSC_0139-150x150.jpg\" alt=\"DSC_0139\" width=\"150\" height=\"150\" class=\"aligncenter size-thumbnail wp-image-1907\" \/><\/a><a href=\"http:\/\/lo1konskie.pl\/wp-content\/uploads\/2014\/05\/DSC_0148.jpg\" rel=\"lightbox[1905]\"><img loading=\"lazy\" decoding=\"async\" src=\"http:\/\/lo1konskie.pl\/wp-content\/uploads\/2014\/05\/DSC_0148-150x150.jpg\" alt=\"DSC_0148\" width=\"150\" height=\"150\" class=\"aligncenter size-thumbnail wp-image-1908\" \/><\/a><a href=\"http:\/\/lo1konskie.pl\/wp-content\/uploads\/2014\/05\/DSC_0150.jpg\" rel=\"lightbox[1905]\"><img loading=\"lazy\" decoding=\"async\" src=\"http:\/\/lo1konskie.pl\/wp-content\/uploads\/2014\/05\/DSC_0150-150x150.jpg\" alt=\"DSC_0150\" width=\"150\" height=\"150\" class=\"aligncenter size-thumbnail wp-image-1909\" \/><\/a><br \/>\n<a href=\"http:\/\/lo1konskie.pl\/wp-content\/uploads\/2014\/05\/DSC_0151.jpg\" rel=\"lightbox[1905]\"><img loading=\"lazy\" decoding=\"async\" src=\"http:\/\/lo1konskie.pl\/wp-content\/uploads\/2014\/05\/DSC_0151-150x150.jpg\" alt=\"DSC_0151\" width=\"150\" height=\"150\" class=\"aligncenter size-thumbnail wp-image-1910\" \/><\/a><br \/>\n<a href=\"http:\/\/lo1konskie.pl\/wp-content\/uploads\/2014\/05\/DSC_0154.jpg\" rel=\"lightbox[1905]\"><img loading=\"lazy\" decoding=\"async\" src=\"http:\/\/lo1konskie.pl\/wp-content\/uploads\/2014\/05\/DSC_0154-150x150.jpg\" alt=\"DSC_0154\" width=\"150\" height=\"150\" class=\"aligncenter size-thumbnail wp-image-1911\" \/><\/a><br \/>\n<a href=\"http:\/\/lo1konskie.pl\/wp-content\/uploads\/2014\/05\/DSC_0163.jpg\" rel=\"lightbox[1905]\"><img loading=\"lazy\" decoding=\"async\" src=\"http:\/\/lo1konskie.pl\/wp-content\/uploads\/2014\/05\/DSC_0163-150x150.jpg\" alt=\"DSC_0163\" width=\"150\" height=\"150\" class=\"aligncenter size-thumbnail wp-image-1912\" \/><\/a><br \/>\n<a href=\"http:\/\/lo1konskie.pl\/wp-content\/uploads\/2014\/05\/DSC_0289.jpg\" rel=\"lightbox[1905]\"><img loading=\"lazy\" decoding=\"async\" src=\"http:\/\/lo1konskie.pl\/wp-content\/uploads\/2014\/05\/DSC_0289-150x150.jpg\" alt=\"DSC_0289\" width=\"150\" height=\"150\" class=\"aligncenter size-thumbnail wp-image-1913\" \/><\/a><br \/>\n<a href=\"http:\/\/lo1konskie.pl\/wp-content\/uploads\/2014\/05\/DSC_0295.jpg\" rel=\"lightbox[1905]\"><img loading=\"lazy\" decoding=\"async\" src=\"http:\/\/lo1konskie.pl\/wp-content\/uploads\/2014\/05\/DSC_0295-150x150.jpg\" alt=\"DSC_0295\" width=\"150\" height=\"150\" class=\"aligncenter size-thumbnail wp-image-1914\" \/><\/a><br \/>\n<a href=\"http:\/\/lo1konskie.pl\/wp-content\/uploads\/2014\/05\/DSC_0451.jpg\" rel=\"lightbox[1905]\"><img loading=\"lazy\" decoding=\"async\" src=\"http:\/\/lo1konskie.pl\/wp-content\/uploads\/2014\/05\/DSC_0451-150x150.jpg\" alt=\"DSC_0451\" width=\"150\" height=\"150\" class=\"aligncenter size-thumbnail wp-image-1915\" \/><\/a><br \/>\n<a href=\"http:\/\/lo1konskie.pl\/wp-content\/uploads\/2014\/05\/DSC_0510.jpg\" rel=\"lightbox[1905]\"><img loading=\"lazy\" decoding=\"async\" src=\"http:\/\/lo1konskie.pl\/wp-content\/uploads\/2014\/05\/DSC_0510-150x150.jpg\" alt=\"DSC_0510\" width=\"150\" height=\"150\" class=\"aligncenter size-thumbnail wp-image-1916\" \/><\/a><br \/>\n<a href=\"http:\/\/lo1konskie.pl\/wp-content\/uploads\/2014\/05\/DSC_0556.jpg\" rel=\"lightbox[1905]\"><img loading=\"lazy\" decoding=\"async\" src=\"http:\/\/lo1konskie.pl\/wp-content\/uploads\/2014\/05\/DSC_0556-150x150.jpg\" alt=\"DSC_0556\" width=\"150\" height=\"150\" class=\"aligncenter size-thumbnail wp-image-1917\" \/><\/a><br \/>\n<a href=\"http:\/\/lo1konskie.pl\/wp-content\/uploads\/2014\/05\/DSC_0568.jpg\" rel=\"lightbox[1905]\"><img loading=\"lazy\" decoding=\"async\" src=\"http:\/\/lo1konskie.pl\/wp-content\/uploads\/2014\/05\/DSC_0568-150x150.jpg\" alt=\"DSC_0568\" width=\"150\" height=\"150\" class=\"aligncenter size-thumbnail wp-image-1918\" \/><\/a><br \/>\n<a href=\"http:\/\/lo1konskie.pl\/wp-content\/uploads\/2014\/05\/DSC_0621.jpg\" rel=\"lightbox[1905]\"><img loading=\"lazy\" decoding=\"async\" src=\"http:\/\/lo1konskie.pl\/wp-content\/uploads\/2014\/05\/DSC_0621-150x150.jpg\" alt=\"DSC_0621\" width=\"150\" height=\"150\" class=\"aligncenter size-thumbnail wp-image-1919\" \/><\/a><br \/>\n<a href=\"http:\/\/lo1konskie.pl\/wp-content\/uploads\/2014\/05\/DSC_0626.jpg\" rel=\"lightbox[1905]\"><img loading=\"lazy\" decoding=\"async\" src=\"http:\/\/lo1konskie.pl\/wp-content\/uploads\/2014\/05\/DSC_0626-150x150.jpg\" alt=\"DSC_0626\" width=\"150\" height=\"150\" class=\"aligncenter size-thumbnail wp-image-1920\" \/><\/a><br \/>\n<a href=\"http:\/\/lo1konskie.pl\/wp-content\/uploads\/2014\/05\/DSC_0647.jpg\" rel=\"lightbox[1905]\"><img loading=\"lazy\" decoding=\"async\" src=\"http:\/\/lo1konskie.pl\/wp-content\/uploads\/2014\/05\/DSC_0647-150x150.jpg\" alt=\"DSC_0647\" width=\"150\" height=\"150\" class=\"aligncenter size-thumbnail wp-image-1921\" \/><\/a><br \/>\n<a href=\"http:\/\/lo1konskie.pl\/wp-content\/uploads\/2014\/05\/DSC_0669.jpg\" rel=\"lightbox[1905]\"><img loading=\"lazy\" decoding=\"async\" src=\"http:\/\/lo1konskie.pl\/wp-content\/uploads\/2014\/05\/DSC_0669-150x150.jpg\" alt=\"DSC_0669\" width=\"150\" height=\"150\" class=\"aligncenter size-thumbnail wp-image-1922\" \/><\/a><br \/>\n<a href=\"http:\/\/lo1konskie.pl\/wp-content\/uploads\/2014\/05\/DSC_0686.jpg\" rel=\"lightbox[1905]\"><img loading=\"lazy\" decoding=\"async\" src=\"http:\/\/lo1konskie.pl\/wp-content\/uploads\/2014\/05\/DSC_0686-150x150.jpg\" alt=\"DSC_0686\" width=\"150\" height=\"150\" class=\"aligncenter size-thumbnail wp-image-1923\" \/><\/a><br \/>\n<a href=\"http:\/\/lo1konskie.pl\/wp-content\/uploads\/2014\/05\/DSC_0825.jpg\" rel=\"lightbox[1905]\"><img loading=\"lazy\" decoding=\"async\" src=\"http:\/\/lo1konskie.pl\/wp-content\/uploads\/2014\/05\/DSC_0825-150x150.jpg\" alt=\"DSC_0825\" width=\"150\" height=\"150\" class=\"aligncenter size-thumbnail wp-image-1924\" \/><\/a><br \/>\n<a href=\"http:\/\/lo1konskie.pl\/wp-content\/uploads\/2014\/05\/DSC_0835.jpg\" rel=\"lightbox[1905]\"><img loading=\"lazy\" decoding=\"async\" src=\"http:\/\/lo1konskie.pl\/wp-content\/uploads\/2014\/05\/DSC_0835-150x150.jpg\" alt=\"DSC_0835\" width=\"150\" height=\"150\" class=\"aligncenter size-thumbnail wp-image-1925\" \/><\/a><br \/>\n<a href=\"http:\/\/lo1konskie.pl\/wp-content\/uploads\/2014\/05\/DSC_0850.jpg\" rel=\"lightbox[1905]\"><img loading=\"lazy\" decoding=\"async\" src=\"http:\/\/lo1konskie.pl\/wp-content\/uploads\/2014\/05\/DSC_0850-150x150.jpg\" alt=\"DSC_0850\" width=\"150\" height=\"150\" class=\"aligncenter size-thumbnail wp-image-1926\" \/><\/a><\/p>\n","protected":false},"excerpt":{"rendered":"","protected":false},"author":1,"featured_media":0,"parent":143,"menu_order":0,"comment_status":"open","ping_status":"open","template":"","meta":{"footnotes":""},"class_list":["post-1905","page","type-page","status-publish","hentry"],"_links":{"self":[{"href":"http:\/\/lo1konskie.pl\/index.php?rest_route=\/wp\/v2\/pages\/1905","targetHints":{"allow":["GET"]}}],"collection":[{"href":"http:\/\/lo1konskie.pl\/index.php?rest_route=\/wp\/v2\/pages"}],"about":[{"href":"http:\/\/lo1konskie.pl\/index.php?rest_route=\/wp\/v2\/types\/page"}],"author":[{"embeddable":true,"href":"http:\/\/lo1konskie.pl\/index.php?rest_route=\/wp\/v2\/users\/1"}],"replies":[{"embeddable":true,"href":"http:\/\/lo1konskie.pl\/index.php?rest_route=%2Fwp%2Fv2%2Fcomments&post=1905"}],"version-history":[{"count":1,"href":"http:\/\/lo1konskie.pl\/index.php?rest_route=\/wp\/v2\/pages\/1905\/revisions"}],"predecessor-version":[{"id":1927,"href":"http:\/\/lo1konskie.pl\/index.php?rest_route=\/wp\/v2\/pages\/1905\/revisions\/1927"}],"up":[{"embeddable":true,"href":"http:\/\/lo1konskie.pl\/index.php?rest_route=\/wp\/v2\/pages\/143"}],"wp:attachment":[{"href":"http:\/\/lo1konskie.pl\/index.php?rest_route=%2Fwp%2Fv2%2Fmedia&parent=1905"}],"curies":[{"name":"wp","href":"https:\/\/api.w.org\/{rel}","templated":true}]}}